{"id":15,"date":"2026-03-05T10:17:35","date_gmt":"2026-03-05T09:17:35","guid":{"rendered":"http:\/\/techno-tex.eu\/?page_id=15"},"modified":"2026-03-10T12:22:21","modified_gmt":"2026-03-10T11:22:21","slug":"strona-glowna","status":"publish","type":"page","link":"https:\/\/techno-tex.eu\/","title":{"rendered":"Strona G\u0142\u00f3wna"},"content":{"rendered":"\n\n\n<div class=\"wp-block-cover alignfull wp-duotone-unset-2\" style=\"margin-top:0;min-height:801px;aspect-ratio:unset;\"><img loading=\"lazy\" decoding=\"async\" width=\"1024\" height=\"683\" class=\"wp-block-cover__image-background wp-image-24 size-large\" alt=\"\" src=\"https:\/\/techno-tex.eu\/wp-content\/uploads\/2026\/03\/pani-techno-1-1024x683.png\" data-object-fit=\"cover\" srcset=\"https:\/\/techno-tex.eu\/wp-content\/uploads\/2026\/03\/pani-techno-1-1024x683.png 1024w, https:\/\/techno-tex.eu\/wp-content\/uploads\/2026\/03\/pani-techno-1-300x200.png 300w, https:\/\/techno-tex.eu\/wp-content\/uploads\/2026\/03\/pani-techno-1-768x512.png 768w, https:\/\/techno-tex.eu\/wp-content\/uploads\/2026\/03\/pani-techno-1.png 1536w\" sizes=\"auto, (max-width: 1024px) 100vw, 1024px\" \/><span aria-hidden=\"true\" class=\"wp-block-cover__background has-black-background-color has-background-dim-0 has-background-dim\"><\/span><div class=\"wp-block-cover__inner-container is-layout-flow wp-block-cover-is-layout-flow\">\n<blockquote class=\"wp-block-quote is-layout-flow wp-block-quote-is-layout-flow\">\n<p><\/p>\n<\/blockquote>\n\n\n\n<h1 class=\"wp-block-heading alignfull has-text-align-center\"><mark style=\"background-color:rgba(0, 0, 0, 0);color:#ffff00\" class=\"has-inline-color\"><strong>TECHNO-TEX<\/strong><\/mark><\/h1>\n\n\n\n<p><\/p>\n\n\n\n<h3 class=\"wp-block-heading has-text-align-center\" id=\"block-42459125-521a-4659-901d-810feaa410dc\"><mark style=\"background-color:rgba(0, 0, 0, 0);color:#ffffff\" class=\"has-inline-color\"><strong>Jeste\u015bmy jedn\u0105 z wiod\u0105cych firm na rynku \u015brodkowoeuropejskim, dzia\u0142aj\u0105ca od ponad 20 lat.<br>Specjalizujemy si\u0119 w nadrukach na siatkach i os\u0142onach na rusztowania.<\/strong><\/mark><\/h3>\n\n\n\n<p><\/p>\n\n\n\n<h2 class=\"wp-block-heading has-text-align-center\"><strong><mark style=\"background-color:rgba(0, 0, 0, 0);color:#ffffff\" class=\"has-inline-color\">Jako\u015b\u0107 jest dla nas najwi\u0119kszym priorytetem!<\/mark><\/strong><\/h2>\n<\/div><\/div>\n\n\n\n<div style=\"height:100px\" aria-hidden=\"true\" class=\"wp-block-spacer\"><\/div>\n\n\n\n<h1 class=\"wp-block-heading has-text-align-center\"><strong>SPRAWD\u0179 NASZ\u0104 OFERT\u0118<\/strong><\/h1>\n\n\n\n<div class=\"wp-block-columns alignfull is-layout-flex wp-container-core-columns-is-layout-28f84493 wp-block-columns-is-layout-flex\">\n<div class=\"wp-block-column is-layout-flow wp-block-column-is-layout-flow\">\n<div class=\"wp-block-columns is-layout-flex wp-container-core-columns-is-layout-28f84493 wp-block-columns-is-layout-flex\">\n<div class=\"wp-block-column is-layout-flow wp-block-column-is-layout-flow\">\n<div class=\"wp-block-cover alignfull is-light\"><img loading=\"lazy\" decoding=\"async\" width=\"1024\" height=\"461\" class=\"wp-block-cover__image-background wp-image-25 size-large\" alt=\"\" src=\"https:\/\/techno-tex.eu\/wp-content\/uploads\/2026\/03\/Bydgoszcz-ul.-Paderewskiego--1024x461.jpg\" data-object-fit=\"cover\" srcset=\"https:\/\/techno-tex.eu\/wp-content\/uploads\/2026\/03\/Bydgoszcz-ul.-Paderewskiego--1024x461.jpg 1024w, https:\/\/techno-tex.eu\/wp-content\/uploads\/2026\/03\/Bydgoszcz-ul.-Paderewskiego--300x135.jpg 300w, https:\/\/techno-tex.eu\/wp-content\/uploads\/2026\/03\/Bydgoszcz-ul.-Paderewskiego--768x346.jpg 768w, https:\/\/techno-tex.eu\/wp-content\/uploads\/2026\/03\/Bydgoszcz-ul.-Paderewskiego--1536x691.jpg 1536w, https:\/\/techno-tex.eu\/wp-content\/uploads\/2026\/03\/Bydgoszcz-ul.-Paderewskiego--2048x922.jpg 2048w\" sizes=\"auto, (max-width: 1024px) 100vw, 1024px\" \/><span aria-hidden=\"true\" class=\"wp-block-cover__background has-background-dim\" style=\"background-color:#bf9d9f\"><\/span><div class=\"wp-block-cover__inner-container is-layout-constrained wp-block-cover-is-layout-constrained\">\n<div class=\"wp-block-buttons alignwide is-content-justification-center is-layout-flex wp-container-core-buttons-is-layout-a89b3969 wp-block-buttons-is-layout-flex\">\n<div class=\"wp-block-button\"><a class=\"wp-block-button__link wp-element-button\" href=\"https:\/\/techno-tex.eu\/?page_id=83\"><strong><mark style=\"background-color:rgba(0, 0, 0, 0)\" class=\"has-inline-color has-ast-global-color-4-color\">SIATKI RUSZTOWANIOWE<\/mark><\/strong><\/a><\/div>\n<\/div>\n<\/div><\/div>\n<\/div>\n<\/div>\n<\/div>\n\n\n\n<div class=\"wp-block-column is-layout-flow wp-block-column-is-layout-flow\">\n<div class=\"wp-block-columns is-layout-flex wp-container-core-columns-is-layout-28f84493 wp-block-columns-is-layout-flex\">\n<div class=\"wp-block-column is-layout-flow wp-block-column-is-layout-flow\">\n<div class=\"wp-block-cover\"><img loading=\"lazy\" decoding=\"async\" width=\"800\" height=\"600\" class=\"wp-block-cover__image-background wp-image-26 size-full\" alt=\"\" src=\"https:\/\/techno-tex.eu\/wp-content\/uploads\/2026\/03\/baumit-do-maila.jpg\" data-object-fit=\"cover\" srcset=\"https:\/\/techno-tex.eu\/wp-content\/uploads\/2026\/03\/baumit-do-maila.jpg 800w, https:\/\/techno-tex.eu\/wp-content\/uploads\/2026\/03\/baumit-do-maila-300x225.jpg 300w, https:\/\/techno-tex.eu\/wp-content\/uploads\/2026\/03\/baumit-do-maila-768x576.jpg 768w\" sizes=\"auto, (max-width: 800px) 100vw, 800px\" \/><span aria-hidden=\"true\" class=\"wp-block-cover__background has-background-dim\" style=\"background-color:#717983\"><\/span><div class=\"wp-block-cover__inner-container is-layout-constrained wp-block-cover-is-layout-constrained\">\n<div class=\"wp-block-buttons is-content-justification-center is-layout-flex wp-container-core-buttons-is-layout-a89b3969 wp-block-buttons-is-layout-flex\">\n<div class=\"wp-block-button\"><a class=\"wp-block-button__link wp-element-button\" href=\"https:\/\/techno-tex.eu\/?page_id=83\"><strong>OS\u0141ONY RUSZTOWANIOWE<\/strong><\/a><\/div>\n<\/div>\n<\/div><\/div>\n<\/div>\n<\/div>\n<\/div>\n<\/div>\n\n\n\n<div style=\"height:100px\" aria-hidden=\"true\" class=\"wp-block-spacer\"><\/div>\n\n\n\n<hr class=\"wp-block-separator has-alpha-channel-opacity\"\/>\n\n\n\n<h2 class=\"wp-block-heading has-text-align-center\"><strong>ZAUFALI NAM:<\/strong><\/h2>\n\n\n\n<div class=\"wp-block-group alignfull is-layout-constrained wp-block-group-is-layout-constrained\">\n<div class=\"wp-block-group is-layout-grid wp-container-core-group-is-layout-478b6e6b wp-block-group-is-layout-grid\">\n<figure class=\"wp-block-image size-large\"><img loading=\"lazy\" decoding=\"async\" width=\"1024\" height=\"1024\" src=\"https:\/\/techno-tex.eu\/wp-content\/uploads\/2026\/03\/default_seo_image-1024x1024.jpg\" alt=\"\" class=\"wp-image-40\" srcset=\"https:\/\/techno-tex.eu\/wp-content\/uploads\/2026\/03\/default_seo_image-1024x1024.jpg 1024w, https:\/\/techno-tex.eu\/wp-content\/uploads\/2026\/03\/default_seo_image-300x300.jpg 300w, https:\/\/techno-tex.eu\/wp-content\/uploads\/2026\/03\/default_seo_image-150x150.jpg 150w, https:\/\/techno-tex.eu\/wp-content\/uploads\/2026\/03\/default_seo_image-768x768.jpg 768w, https:\/\/techno-tex.eu\/wp-content\/uploads\/2026\/03\/default_seo_image-1536x1536.jpg 1536w, https:\/\/techno-tex.eu\/wp-content\/uploads\/2026\/03\/default_seo_image.jpg 1920w\" sizes=\"auto, (max-width: 1024px) 100vw, 1024px\" \/><\/figure>\n\n\n\n<figure class=\"wp-block-image size-large\"><img loading=\"lazy\" decoding=\"async\" width=\"1024\" height=\"1024\" src=\"https:\/\/techno-tex.eu\/wp-content\/uploads\/2026\/03\/atlas-1024x1024.jpg\" alt=\"\" class=\"wp-image-28\" srcset=\"https:\/\/techno-tex.eu\/wp-content\/uploads\/2026\/03\/atlas-1024x1024.jpg 1024w, https:\/\/techno-tex.eu\/wp-content\/uploads\/2026\/03\/atlas-300x300.jpg 300w, https:\/\/techno-tex.eu\/wp-content\/uploads\/2026\/03\/atlas-150x150.jpg 150w, https:\/\/techno-tex.eu\/wp-content\/uploads\/2026\/03\/atlas-768x768.jpg 768w, https:\/\/techno-tex.eu\/wp-content\/uploads\/2026\/03\/atlas-1536x1536.jpg 1536w, https:\/\/techno-tex.eu\/wp-content\/uploads\/2026\/03\/atlas.jpg 1920w\" sizes=\"auto, (max-width: 1024px) 100vw, 1024px\" \/><\/figure>\n\n\n\n<figure class=\"wp-block-image size-large\"><img loading=\"lazy\" decoding=\"async\" width=\"1024\" height=\"1024\" src=\"https:\/\/techno-tex.eu\/wp-content\/uploads\/2026\/03\/sto-1024x1024.jpg\" alt=\"\" class=\"wp-image-31\" srcset=\"https:\/\/techno-tex.eu\/wp-content\/uploads\/2026\/03\/sto-1024x1024.jpg 1024w, https:\/\/techno-tex.eu\/wp-content\/uploads\/2026\/03\/sto-300x300.jpg 300w, https:\/\/techno-tex.eu\/wp-content\/uploads\/2026\/03\/sto-150x150.jpg 150w, https:\/\/techno-tex.eu\/wp-content\/uploads\/2026\/03\/sto-768x768.jpg 768w, https:\/\/techno-tex.eu\/wp-content\/uploads\/2026\/03\/sto-1536x1536.jpg 1536w, https:\/\/techno-tex.eu\/wp-content\/uploads\/2026\/03\/sto.jpg 1920w\" sizes=\"auto, (max-width: 1024px) 100vw, 1024px\" \/><\/figure>\n\n\n\n<figure class=\"wp-block-image size-large\"><img loading=\"lazy\" decoding=\"async\" width=\"1024\" height=\"1024\" src=\"https:\/\/techno-tex.eu\/wp-content\/uploads\/2026\/03\/rockwool-1024x1024.jpg\" alt=\"\" class=\"wp-image-34\" srcset=\"https:\/\/techno-tex.eu\/wp-content\/uploads\/2026\/03\/rockwool-1024x1024.jpg 1024w, https:\/\/techno-tex.eu\/wp-content\/uploads\/2026\/03\/rockwool-300x300.jpg 300w, https:\/\/techno-tex.eu\/wp-content\/uploads\/2026\/03\/rockwool-150x150.jpg 150w, https:\/\/techno-tex.eu\/wp-content\/uploads\/2026\/03\/rockwool-768x768.jpg 768w, https:\/\/techno-tex.eu\/wp-content\/uploads\/2026\/03\/rockwool-1536x1536.jpg 1536w, https:\/\/techno-tex.eu\/wp-content\/uploads\/2026\/03\/rockwool.jpg 1920w\" sizes=\"auto, (max-width: 1024px) 100vw, 1024px\" \/><\/figure>\n\n\n\n<figure class=\"wp-block-image size-large\"><img loading=\"lazy\" decoding=\"async\" width=\"1024\" height=\"1024\" src=\"https:\/\/techno-tex.eu\/wp-content\/uploads\/2026\/03\/knauf-1024x1024.jpg\" alt=\"\" class=\"wp-image-37\" srcset=\"https:\/\/techno-tex.eu\/wp-content\/uploads\/2026\/03\/knauf-1024x1024.jpg 1024w, https:\/\/techno-tex.eu\/wp-content\/uploads\/2026\/03\/knauf-300x300.jpg 300w, https:\/\/techno-tex.eu\/wp-content\/uploads\/2026\/03\/knauf-150x150.jpg 150w, https:\/\/techno-tex.eu\/wp-content\/uploads\/2026\/03\/knauf-768x768.jpg 768w, https:\/\/techno-tex.eu\/wp-content\/uploads\/2026\/03\/knauf-1536x1536.jpg 1536w, https:\/\/techno-tex.eu\/wp-content\/uploads\/2026\/03\/knauf.jpg 1920w\" sizes=\"auto, (max-width: 1024px) 100vw, 1024px\" \/><\/figure>\n\n\n\n<figure class=\"wp-block-image size-large\"><img loading=\"lazy\" decoding=\"async\" width=\"1024\" height=\"1024\" src=\"https:\/\/techno-tex.eu\/wp-content\/uploads\/2026\/03\/holcim-1024x1024.jpg\" alt=\"\" class=\"wp-image-41\" srcset=\"https:\/\/techno-tex.eu\/wp-content\/uploads\/2026\/03\/holcim-1024x1024.jpg 1024w, https:\/\/techno-tex.eu\/wp-content\/uploads\/2026\/03\/holcim-300x300.jpg 300w, https:\/\/techno-tex.eu\/wp-content\/uploads\/2026\/03\/holcim-150x150.jpg 150w, https:\/\/techno-tex.eu\/wp-content\/uploads\/2026\/03\/holcim-768x768.jpg 768w, https:\/\/techno-tex.eu\/wp-content\/uploads\/2026\/03\/holcim-1536x1536.jpg 1536w, https:\/\/techno-tex.eu\/wp-content\/uploads\/2026\/03\/holcim.jpg 1920w\" sizes=\"auto, (max-width: 1024px) 100vw, 1024px\" \/><\/figure>\n\n\n\n<figure class=\"wp-block-image size-large\"><img loading=\"lazy\" decoding=\"async\" width=\"1024\" height=\"1024\" src=\"https:\/\/techno-tex.eu\/wp-content\/uploads\/2026\/03\/kabe-1024x1024.jpg\" alt=\"\" class=\"wp-image-29\" srcset=\"https:\/\/techno-tex.eu\/wp-content\/uploads\/2026\/03\/kabe-1024x1024.jpg 1024w, https:\/\/techno-tex.eu\/wp-content\/uploads\/2026\/03\/kabe-300x300.jpg 300w, https:\/\/techno-tex.eu\/wp-content\/uploads\/2026\/03\/kabe-150x150.jpg 150w, https:\/\/techno-tex.eu\/wp-content\/uploads\/2026\/03\/kabe-768x768.jpg 768w, https:\/\/techno-tex.eu\/wp-content\/uploads\/2026\/03\/kabe-1536x1536.jpg 1536w, https:\/\/techno-tex.eu\/wp-content\/uploads\/2026\/03\/kabe.jpg 1920w\" sizes=\"auto, (max-width: 1024px) 100vw, 1024px\" \/><\/figure>\n\n\n\n<figure class=\"wp-block-image size-large\"><img loading=\"lazy\" decoding=\"async\" width=\"1024\" height=\"1024\" src=\"https:\/\/techno-tex.eu\/wp-content\/uploads\/2026\/03\/caparol-1024x1024.jpg\" alt=\"\" class=\"wp-image-32\" srcset=\"https:\/\/techno-tex.eu\/wp-content\/uploads\/2026\/03\/caparol-1024x1024.jpg 1024w, https:\/\/techno-tex.eu\/wp-content\/uploads\/2026\/03\/caparol-300x300.jpg 300w, https:\/\/techno-tex.eu\/wp-content\/uploads\/2026\/03\/caparol-150x150.jpg 150w, https:\/\/techno-tex.eu\/wp-content\/uploads\/2026\/03\/caparol-768x768.jpg 768w, https:\/\/techno-tex.eu\/wp-content\/uploads\/2026\/03\/caparol-1536x1536.jpg 1536w, https:\/\/techno-tex.eu\/wp-content\/uploads\/2026\/03\/caparol.jpg 1920w\" sizes=\"auto, (max-width: 1024px) 100vw, 1024px\" \/><\/figure>\n\n\n\n<figure class=\"wp-block-image size-large\"><img loading=\"lazy\" decoding=\"async\" width=\"1024\" height=\"1024\" src=\"https:\/\/techno-tex.eu\/wp-content\/uploads\/2026\/03\/dryvit-1024x1024.jpg\" alt=\"\" class=\"wp-image-35\" srcset=\"https:\/\/techno-tex.eu\/wp-content\/uploads\/2026\/03\/dryvit-1024x1024.jpg 1024w, https:\/\/techno-tex.eu\/wp-content\/uploads\/2026\/03\/dryvit-300x300.jpg 300w, https:\/\/techno-tex.eu\/wp-content\/uploads\/2026\/03\/dryvit-150x150.jpg 150w, https:\/\/techno-tex.eu\/wp-content\/uploads\/2026\/03\/dryvit-768x768.jpg 768w, https:\/\/techno-tex.eu\/wp-content\/uploads\/2026\/03\/dryvit-1536x1536.jpg 1536w, https:\/\/techno-tex.eu\/wp-content\/uploads\/2026\/03\/dryvit.jpg 1920w\" sizes=\"auto, (max-width: 1024px) 100vw, 1024px\" \/><\/figure>\n\n\n\n<figure class=\"wp-block-image size-large\"><img loading=\"lazy\" decoding=\"async\" width=\"1024\" height=\"1024\" src=\"https:\/\/techno-tex.eu\/wp-content\/uploads\/2026\/03\/bolix-1024x1024.jpg\" alt=\"\" class=\"wp-image-38\" srcset=\"https:\/\/techno-tex.eu\/wp-content\/uploads\/2026\/03\/bolix-1024x1024.jpg 1024w, https:\/\/techno-tex.eu\/wp-content\/uploads\/2026\/03\/bolix-300x300.jpg 300w, https:\/\/techno-tex.eu\/wp-content\/uploads\/2026\/03\/bolix-150x150.jpg 150w, https:\/\/techno-tex.eu\/wp-content\/uploads\/2026\/03\/bolix-768x768.jpg 768w, https:\/\/techno-tex.eu\/wp-content\/uploads\/2026\/03\/bolix-1536x1536.jpg 1536w, https:\/\/techno-tex.eu\/wp-content\/uploads\/2026\/03\/bolix.jpg 1920w\" sizes=\"auto, (max-width: 1024px) 100vw, 1024px\" \/><\/figure>\n\n\n\n<figure class=\"wp-block-image size-large\"><img loading=\"lazy\" decoding=\"async\" width=\"1024\" height=\"1024\" src=\"https:\/\/techno-tex.eu\/wp-content\/uploads\/2026\/03\/MW-DOM-1024x1024.jpg\" alt=\"\" class=\"wp-image-27\" srcset=\"https:\/\/techno-tex.eu\/wp-content\/uploads\/2026\/03\/MW-DOM-1024x1024.jpg 1024w, https:\/\/techno-tex.eu\/wp-content\/uploads\/2026\/03\/MW-DOM-300x300.jpg 300w, https:\/\/techno-tex.eu\/wp-content\/uploads\/2026\/03\/MW-DOM-150x150.jpg 150w, https:\/\/techno-tex.eu\/wp-content\/uploads\/2026\/03\/MW-DOM-768x768.jpg 768w, https:\/\/techno-tex.eu\/wp-content\/uploads\/2026\/03\/MW-DOM-1536x1536.jpg 1536w, https:\/\/techno-tex.eu\/wp-content\/uploads\/2026\/03\/MW-DOM.jpg 1920w\" sizes=\"auto, (max-width: 1024px) 100vw, 1024px\" \/><\/figure>\n\n\n\n<figure class=\"wp-block-image size-large\"><img loading=\"lazy\" decoding=\"async\" width=\"1024\" height=\"1024\" src=\"https:\/\/techno-tex.eu\/wp-content\/uploads\/2026\/03\/sopro-1024x1024.jpg\" alt=\"\" class=\"wp-image-30\" srcset=\"https:\/\/techno-tex.eu\/wp-content\/uploads\/2026\/03\/sopro-1024x1024.jpg 1024w, https:\/\/techno-tex.eu\/wp-content\/uploads\/2026\/03\/sopro-300x300.jpg 300w, https:\/\/techno-tex.eu\/wp-content\/uploads\/2026\/03\/sopro-150x150.jpg 150w, https:\/\/techno-tex.eu\/wp-content\/uploads\/2026\/03\/sopro-768x768.jpg 768w, https:\/\/techno-tex.eu\/wp-content\/uploads\/2026\/03\/sopro-1536x1536.jpg 1536w, https:\/\/techno-tex.eu\/wp-content\/uploads\/2026\/03\/sopro.jpg 1920w\" sizes=\"auto, (max-width: 1024px) 100vw, 1024px\" \/><\/figure>\n\n\n\n<figure class=\"wp-block-image size-large wp-container-content-69bc4bdf\"><img loading=\"lazy\" decoding=\"async\" width=\"1024\" height=\"1024\" src=\"https:\/\/techno-tex.eu\/wp-content\/uploads\/2026\/03\/FAST-1024x1024.jpg\" alt=\"\" class=\"wp-image-33\" srcset=\"https:\/\/techno-tex.eu\/wp-content\/uploads\/2026\/03\/FAST-1024x1024.jpg 1024w, https:\/\/techno-tex.eu\/wp-content\/uploads\/2026\/03\/FAST-300x300.jpg 300w, https:\/\/techno-tex.eu\/wp-content\/uploads\/2026\/03\/FAST-150x150.jpg 150w, https:\/\/techno-tex.eu\/wp-content\/uploads\/2026\/03\/FAST-768x768.jpg 768w, https:\/\/techno-tex.eu\/wp-content\/uploads\/2026\/03\/FAST-1536x1536.jpg 1536w, https:\/\/techno-tex.eu\/wp-content\/uploads\/2026\/03\/FAST.jpg 1920w\" sizes=\"auto, (max-width: 1024px) 100vw, 1024px\" \/><\/figure>\n\n\n\n<figure class=\"wp-block-image size-large\"><img loading=\"lazy\" decoding=\"async\" width=\"1024\" height=\"1024\" src=\"https:\/\/techno-tex.eu\/wp-content\/uploads\/2026\/03\/sempre-1024x1024.jpg\" alt=\"\" class=\"wp-image-36\" srcset=\"https:\/\/techno-tex.eu\/wp-content\/uploads\/2026\/03\/sempre-1024x1024.jpg 1024w, https:\/\/techno-tex.eu\/wp-content\/uploads\/2026\/03\/sempre-300x300.jpg 300w, https:\/\/techno-tex.eu\/wp-content\/uploads\/2026\/03\/sempre-150x150.jpg 150w, https:\/\/techno-tex.eu\/wp-content\/uploads\/2026\/03\/sempre-768x768.jpg 768w, https:\/\/techno-tex.eu\/wp-content\/uploads\/2026\/03\/sempre-1536x1536.jpg 1536w, https:\/\/techno-tex.eu\/wp-content\/uploads\/2026\/03\/sempre.jpg 1920w\" sizes=\"auto, (max-width: 1024px) 100vw, 1024px\" \/><\/figure>\n\n\n\n<figure class=\"wp-block-image size-large\"><img loading=\"lazy\" decoding=\"async\" width=\"1024\" height=\"1024\" src=\"https:\/\/techno-tex.eu\/wp-content\/uploads\/2026\/03\/mapei-1024x1024.jpg\" alt=\"\" class=\"wp-image-39\" srcset=\"https:\/\/techno-tex.eu\/wp-content\/uploads\/2026\/03\/mapei-1024x1024.jpg 1024w, https:\/\/techno-tex.eu\/wp-content\/uploads\/2026\/03\/mapei-300x300.jpg 300w, https:\/\/techno-tex.eu\/wp-content\/uploads\/2026\/03\/mapei-150x150.jpg 150w, https:\/\/techno-tex.eu\/wp-content\/uploads\/2026\/03\/mapei-768x768.jpg 768w, https:\/\/techno-tex.eu\/wp-content\/uploads\/2026\/03\/mapei-1536x1536.jpg 1536w, https:\/\/techno-tex.eu\/wp-content\/uploads\/2026\/03\/mapei.jpg 1920w\" sizes=\"auto, (max-width: 1024px) 100vw, 1024px\" \/><\/figure>\n<\/div>\n<\/div>\n\n\n\n<div style=\"height:100px\" aria-hidden=\"true\" class=\"wp-block-spacer\"><\/div>\n\n\n\n<hr class=\"wp-block-separator has-alpha-channel-opacity\"\/>\n\n\n\n<figure class=\"wp-block-gallery alignfull has-nested-images columns-default is-cropped wp-block-gallery-3 is-layout-flex wp-block-gallery-is-layout-flex\">\n<figure class=\"wp-block-image size-large\"><img loading=\"lazy\" decoding=\"async\" width=\"1024\" height=\"875\" data-id=\"63\" src=\"https:\/\/techno-tex.eu\/wp-content\/uploads\/2026\/03\/3-STO-1024x875.jpg\" alt=\"\" class=\"wp-image-63\" srcset=\"https:\/\/techno-tex.eu\/wp-content\/uploads\/2026\/03\/3-STO-1024x875.jpg 1024w, https:\/\/techno-tex.eu\/wp-content\/uploads\/2026\/03\/3-STO-300x256.jpg 300w, https:\/\/techno-tex.eu\/wp-content\/uploads\/2026\/03\/3-STO-768x656.jpg 768w, https:\/\/techno-tex.eu\/wp-content\/uploads\/2026\/03\/3-STO-1536x1313.jpg 1536w, https:\/\/techno-tex.eu\/wp-content\/uploads\/2026\/03\/3-STO-2048x1750.jpg 2048w\" sizes=\"auto, (max-width: 1024px) 100vw, 1024px\" \/><\/figure>\n\n\n\n<figure class=\"wp-block-image size-large\"><img loading=\"lazy\" decoding=\"async\" width=\"800\" height=\"600\" data-id=\"70\" src=\"https:\/\/techno-tex.eu\/wp-content\/uploads\/2026\/03\/baumit-do-maila-1.jpg\" alt=\"\" class=\"wp-image-70\" srcset=\"https:\/\/techno-tex.eu\/wp-content\/uploads\/2026\/03\/baumit-do-maila-1.jpg 800w, https:\/\/techno-tex.eu\/wp-content\/uploads\/2026\/03\/baumit-do-maila-1-300x225.jpg 300w, https:\/\/techno-tex.eu\/wp-content\/uploads\/2026\/03\/baumit-do-maila-1-768x576.jpg 768w\" sizes=\"auto, (max-width: 800px) 100vw, 800px\" \/><\/figure>\n\n\n\n<figure class=\"wp-block-image size-large\"><img loading=\"lazy\" decoding=\"async\" width=\"1024\" height=\"768\" data-id=\"57\" src=\"https:\/\/techno-tex.eu\/wp-content\/uploads\/2026\/03\/Zdj__cie0397.jpg\" alt=\"\" class=\"wp-image-57\" srcset=\"https:\/\/techno-tex.eu\/wp-content\/uploads\/2026\/03\/Zdj__cie0397.jpg 1024w, https:\/\/techno-tex.eu\/wp-content\/uploads\/2026\/03\/Zdj__cie0397-300x225.jpg 300w, https:\/\/techno-tex.eu\/wp-content\/uploads\/2026\/03\/Zdj__cie0397-768x576.jpg 768w\" sizes=\"auto, (max-width: 1024px) 100vw, 1024px\" \/><\/figure>\n<\/figure>\n\n\n\n<div style=\"height:100px\" aria-hidden=\"true\" class=\"wp-block-spacer\"><\/div>\n","protected":false},"excerpt":{"rendered":"<p>SPRAWD\u0179 NASZ\u0104 OFERT\u0118 ZAUFALI NAM:<\/p>\n","protected":false},"author":1,"featured_media":0,"parent":0,"menu_order":0,"comment_status":"closed","ping_status":"closed","template":"","meta":{"site-sidebar-layout":"default","site-content-layout":"","ast-site-content-layout":"default","site-content-style":"default","site-sidebar-style":"default","ast-global-header-display":"","ast-banner-title-visibility":"","ast-main-header-display":"","ast-hfb-above-header-display":"","ast-hfb-below-header-display":"","ast-hfb-mobile-header-display":"","site-post-title":"disabled","ast-breadcrumbs-content":"","ast-featured-img":"","footer-sml-layout":"","ast-disable-related-posts":"","theme-transparent-header-meta":"","adv-header-id-meta":"","stick-header-meta":"","header-above-stick-meta":"","header-main-stick-meta":"","header-below-stick-meta":"","astra-migrate-meta-layouts":"default","ast-page-background-enabled":"default","ast-page-background-meta":{"desktop":{"background-color":"var(--ast-global-color-5)","background-image":"","background-repeat":"repeat","background-position":"center center","background-size":"auto","background-attachment":"scroll","background-type":"","background-media":"","overlay-type":"","overlay-color":"","overlay-opacity":"","overlay-gradient":""},"tablet":{"background-color":"","background-image":"","background-repeat":"repeat","background-position":"center center","background-size":"auto","background-attachment":"scroll","background-type":"","background-media":"","overlay-type":"","overlay-color":"","overlay-opacity":"","overlay-gradient":""},"mobile":{"background-color":"","background-image":"","background-repeat":"repeat","background-position":"center center","background-size":"auto","background-attachment":"scroll","background-type":"","background-media":"","overlay-type":"","overlay-color":"","overlay-opacity":"","overlay-gradient":""}},"ast-content-background-meta":{"desktop":{"background-color":"var(--ast-global-color-4)","background-image":"","background-repeat":"repeat","background-position":"center center","background-size":"auto","background-attachment":"scroll","background-type":"","background-media":"","overlay-type":"","overlay-color":"","overlay-opacity":"","overlay-gradient":""},"tablet":{"background-color":"var(--ast-global-color-4)","background-image":"","background-repeat":"repeat","background-position":"center center","background-size":"auto","background-attachment":"scroll","background-type":"","background-media":"","overlay-type":"","overlay-color":"","overlay-opacity":"","overlay-gradient":""},"mobile":{"background-color":"var(--ast-global-color-4)","background-image":"","background-repeat":"repeat","background-position":"center center","background-size":"auto","background-attachment":"scroll","background-type":"","background-media":"","overlay-type":"","overlay-color":"","overlay-opacity":"","overlay-gradient":""}},"footnotes":""},"class_list":["post-15","page","type-page","status-publish","hentry"],"_links":{"self":[{"href":"https:\/\/techno-tex.eu\/index.php?rest_route=\/wp\/v2\/pages\/15","targetHints":{"allow":["GET"]}}],"collection":[{"href":"https:\/\/techno-tex.eu\/index.php?rest_route=\/wp\/v2\/pages"}],"about":[{"href":"https:\/\/techno-tex.eu\/index.php?rest_route=\/wp\/v2\/types\/page"}],"author":[{"embeddable":true,"href":"https:\/\/techno-tex.eu\/index.php?rest_route=\/wp\/v2\/users\/1"}],"replies":[{"embeddable":true,"href":"https:\/\/techno-tex.eu\/index.php?rest_route=%2Fwp%2Fv2%2Fcomments&post=15"}],"version-history":[{"count":15,"href":"https:\/\/techno-tex.eu\/index.php?rest_route=\/wp\/v2\/pages\/15\/revisions"}],"predecessor-version":[{"id":220,"href":"https:\/\/techno-tex.eu\/index.php?rest_route=\/wp\/v2\/pages\/15\/revisions\/220"}],"wp:attachment":[{"href":"https:\/\/techno-tex.eu\/index.php?rest_route=%2Fwp%2Fv2%2Fmedia&parent=15"}],"curies":[{"name":"wp","href":"https:\/\/api.w.org\/{rel}","templated":true}]}}